of h(l)?
3
Let f(t) = -2*t - 4. Let d be f(-8). Suppose d = 3*n - 30. What is the tens digit of n?
1
Suppose -4*n = n - 10. What is the units digit of -2 + (10/n - 2)?
1
Let i = -130 + 283. What is the hundreds digit of i?
1
Let g(r) = 2*r - 2. Let u be g(2). Suppose u*v = 3*v - 14. Suppose -1 = -5*j + v. What is the units digit of j?
3
Suppose -5*o = 5*g - 104 - 106, -2*g - 4*o = -94. Suppose 5*m - 3*j = 16, 0 = m - 6*m - 4*j + g. What is the units digit of m?
5
Let u(h) = -h**2 + 3 + 5*h - h + 2*h**2. What is the units digit of u(-6)?
5
Suppose 7 = 2*a + 3. Let x = a - 5. What is the units digit of 0 - (-1 + x + 2)?
2
Let m be 85/25 + (-6)/15. Suppose 0 = 2*g + f - 32, 8 = 2*g + m*f - 20. What is the units digit of g?
7
Suppose 0 = 3*w + 3*f - 12, -3*w + 5*w + 4*f = 16. Let v(p) = -p + 8. Let c be v(6). What is the tens digit of w - c - (0 + -19)?
1
Suppose -20 = w - 110. Let i = w - 59. What is the tens digit of i?
3
Let d(j) = -2*j**2 - 6*j + 4. Let s be d(-5). What is the tens digit of 0 - (12/(-4) + s)?
1
Suppose 4*g + 0*g - 52 = 0. Let x = 24 - g. What is the units digit of x?
1
Let k(g) = 4*g - 2. Suppose 2*t - 3 = 1. Let j be k(t). What is the units digit of (j/(-2))/((-6)/20)?
0
Let r(q) = 8*q**2 - q - 2. What is the tens digit of r(-2)?
3
Let r(k) be the first derivative of -25*k**4/2 + 2*k**3/3 - k - 3. What is the units digit of r(-1)?
1
Let u(s) = -s - 5. Let d be u(-12). Let x(p) = -4*p**2 + 8*p + 7. Let f(h) = h**2. Let z(a) = 3*f(a) + x(a). What is the units digit of z(d)?
4
Let t be 3/3*-2 + -1. Suppose 4*y + y = 4*i - 1, 9 = 3*y. Let v = i + t. What is the units digit of v?
1
Let t(v) = -89*v + 2. Let x(a) = -44*a + 1. Let z(m) = -3*t(m) + 7*x(m). What is the units digit of z(-1)?
2
Let w be 5/(-2)*2*-1. Let z = 111 - 106. Suppose -z*n + 4*n = -w. What is the units digit of n?
5
Let i(p) = 8*p**2 + p - 1. What is the units digit of i(-1)?
6
Let t(z) = -6*z**3 - z. What is the units digit of t(-1)?
7
What is the units digit of 27*1 - 12/(-4)?
0
Suppose -p - 5*k - 2 = 0, -4*p - 3*k + 2 = -7. Suppose 2*x - 70 = 3*h, 43 - 200 = -5*x + p*h. What is the units digit of x?
9
Let r be 2/(-6) - 25/15. What is the units digit of ((-32)/8)/(r/17)?
4
Suppose f = -4, -4*b + 196 = -0*b + 2*f. What is the units digit of b?
1
Suppose -1 = -4*k + 19. Let a = k + 23. What is the units digit of a?
8
Let a be 4 + -6 + 3 + 2. What is the tens digit of 15/a*(-7)/(-1)?
3
Suppose -4*w = -4*l + 28, -2*l = -l - 2*w - 2. What is the units digit of l?
2
Let h(w) = -8*w + 2. What is the tens digit of h(-1)?
1
Let h(b) be the first derivative of -b**4/4 + 3*b**3 - 3*b**2/2 - 4*b - 10. What is the units digit of h(8)?
6
Let s = -20 + 25. Suppose -w = s*w - 210. What is the units digit of w?
5
Let b(k) = -k**2 + 7*k + 3. Suppose 0*x + x = -7. Let p = x - -13. What is the units digit of b(p)?
9
Suppose 2*v + 2*v + 361 = -3*y, -178 = 2*v + 2*y. What is the tens digit of (-24)/16*v/3?
4
Let s(n) = -n**2 + 8*n - 1. Let j be s(7). What is the tens digit of 580/30 - 2/j?
1
Let x(w) = 44*w**2 + 1. What is the units digit of x(-1)?
5
Suppose -5*q = -3*q - 8. Let j = 12 - q. What is the units digit of j?
8
Suppose 0 = 2*b - 129 - 99. What is the units digit of b?
4
Suppose l + 0*l = 120. Suppose 2*b = -3*b + l. Suppose b = -4*s + 8*s. What is the units digit of s?
6
Let o(t) = t**2 + t + 5. Suppose -5*u + 5*j - 10 = 0, 2 = -4*u + 2*j - j. Suppose 5*k - 8*b - 20 = -4*b, u = -3*b - 15. What is the units digit of o(k)?
5
Let g(l) = l**2 - 6*l + 7. Let c be g(4). Let h(u) be the second derivative of -u**3/6 - u. What is the units digit of h(c)?
1
Let g(q) = -5*q**3 + 13*q**2 + 2. Let l(k) = 6*k**3 - 14*k**2 - 1. Let o(n) = 7*g(n) + 6*l(n). What is the units digit of o(-7)?
8
Let o(q) = -4*q - 8. Let u be o(-8). Suppose 2*g + u = 5*k + 70, 62 = 3*g - 4*k. What is the units digit of g?
8
Suppose 3*k - 5 - 1 = 0. Let i(s) = -2*s**2 - 11*s + 1. Let v be i(-5). What is the units digit of k - 1/((-2)/v)?
5
Let g = -12 - -12. Suppose g = -2*w - 2*w + 3*y + 37, 5*w + 2*y = 75. What is the tens digit of w?
1
Let g(n) = n**2 + 6*n + 3. Let o be g(-3). Let u(j) be the first derivative of j**4/4 + 2*j**3 - j**2/2 + 5*j - 4. What is the units digit of u(o)?
1
Suppose v + 1 = 2*z + 2*v, 2*z - 3 = v. Let r be -2 - z/3*3. Let b(i) = -i**2 - 3*i + 4. What is the units digit of b(r)?
4
Suppose 4*r + 8 = 2*x + 42, -4*x = -5*r + 62. Let y = x - -19. What is the units digit of y?
6
Let t(m) be the first derivative of 7/2*m**2 + 1 - 1/3*m**3 + 3*m. What is the tens digit of t(4)?
1
Suppose 8*l - 216 = -4*l. What is the units digit of l?
8
Suppose 0*g + 2*g = -4*w + 8, -3*w + 4 = 2*g. Let n = 0 + w. What is the units digit of (-1)/4 + 17/n?
4
Suppose 433 = 5*m + 48. What is the tens digit of m?
7
Let b = -2 + 11. Let d be 9*3/b*4. Suppose -2*l = -d - 12. What is the units digit of l?
2
Suppose 4*m - 2*d + 35 = -d, -3*m - 24 = -3*d. Let a = 2 - m. Let u = a - 7. What is the units digit of u?
4
Let h(t) = 4 - 2*t - t + t**2 + 11*t. What is the units digit of h(-8)?
4
Let a be 3/(-6)*10*1. Let t = a - -11. What is the units digit of t?
6
Let n(m) = -m**3 - 4*m**2 - m - 1. Let r be n(-4). Let l = 11 - 6. Suppose -5*x + 29 = r*d + l, 2*d = x - 10. What is the units digit of x?
6
Suppose 4*t - p = 165, t - 5*p = -0*t + 27. What is the tens digit of t?
4
Suppose -3*y = -3, 0 = 5*n - 0*n + 4*y - 344. What is the units digit of n?
8
Let m(u) = u - 4. Let v be m(5). Let o be (4 - 0) + v + -2. Suppose o*l + 8 = 7*l. What is the units digit of l?
2
Let p(l) = 2*l**2 + 29*l + 27. What is the units digit of p(-14)?
3
Let q(g) be the first derivative of -g**3/3 - 6*g**2 - 7*g + 3. Let x be q(-9). Suppose 22 = 3*n - x. What is the tens digit of n?
1
What is the tens digit of 15/(1/(2 - -3))?
7
Let y be ((-2)/2)/(10/(-370)). Let x = 20 - y. Let s = -8 - x. What is the units digit of s?
9
Let s = -9 + 13. What is the units digit of s?
4
Suppose 3*l - 160 = y, 2*l - 4*y = 91 - 1. What is the units digit of l?
5
Let w = 106 + -66. What is the units digit of w?
0
What is the units digit of (-66)/(-18) + (-2)/(-6)?
4
Let p(f) = 10*f - 9*f + 12 - 1. Let l = -8 + 0. What is the units digit of p(l)?
3
Let n(f) = f**2 + 2*f - 6. Let v(u) be the second derivative of -u**4/6 - u**3/2 + 6*u**2 + u. Let k(x) = 5*n(x) + 3*v(x). What is the units digit of k(0)?
6
Let q = -7 - -6. What is the tens digit of q/(-1 + (-10)/(-11))?
1
Let p(o) = o**3 + 5*o**2 - 9*o - 9. Let s be p(-6). What is the units digit of (-15)/(-9) + (-6)/s?
1
What is the units digit of (3/4)/(21/1428)?
1
Let b = -5 - 8. Let k = b - -18. What is the units digit of k?
5
Let c = -3 - -4. Suppose -25 = 4*t + 23. What is the units digit of (1/(-2))/(c/t)?
6
Suppose 0 = -2*a + 2*q, 5*q = -2*a + a + 24. What is the units digit of a?
4
Suppose 0 = 3*y - 7 + 16. Let s = 3 - y. Suppose -5*x + 4 = -s. What is the units digit of x?
2
Let i(f) be the first derivative of 5*f**3/3 + 4*f**2 + 14*f - 2. Let n(y) = 2*y**2 + 3*y + 5. Let o(c) = -3*i(c) + 8*n(c). What is the units digit of o(3)?
7
Let l(c) = -c**3 + 10*c**2 - 6*c - 22. Let h be l(9). Suppose z + 72 = h*n - 64, -z - 108 = -4*n. What is the tens digit of n?
2
Let y = -19 - 1. What is the units digit of 8/y - (-214)/10?
1
Let l(k) = -2*k + 4. Let h(c) = -c**2 + 5*c + 9. Let m be h(7). What is the tens digit of l(m)?
1
Let d = -6 + 10. What is the units digit of d?
4
Suppose 118 = 5*x - 252. Let z = x + -48. What is the tens digit of z?
2
Let q(v) = v**3 + 18*v**2 - 22*v - 13. What is the tens digit of q(-19)?
4
Suppose 7*c - 5*c - 5*j = 316, 5*c = j + 813. What is the units digit of c?
3
Suppose 4*o = -57 + 201. What is the tens digit of (o/(-10))/((-1)/5)?
1
Let s(b) = -17*b**2 - 2*b + 1. Let q be s(-2). What is the tens digit of ((-54)/q)/((-2)/(-28))?
1
What is the units digit of ((-3)/2)/((-6)/4)?
1
Let y(k) = -9*k**2 - 3*k + 1. Let c be ((-3)/6)/((-2)/(-44)). Let s(v) = -5*v**2 - v. Let t(g) = c*s(g) + 6*y(g). What is the units digit of t(7)?
6
Let m(g) = 52*g**3 - 3*g + 2. Suppose 7*a = 3*a + 4. What is the units digit of m(a)?
1
Suppose -15 = -4*l + 1. Let r(a) = 3*a**3 - 3*a + 5*a - 1 + l*a**3. What is the units digit of r(1)?
8
Suppose -m = -6*m + 275. What is the units digit of m?
5
Let g(m) = m